{"id":12235,"date":"2024-08-09T16:17:05","date_gmt":"2024-08-09T16:17:05","guid":{"rendered":"https:\/\/www.gsaleather.com\/GSA\/?post_type=product&#038;p=12235"},"modified":"2025-06-11T14:27:11","modified_gmt":"2025-06-11T14:27:11","slug":"lazer-deri-buyuk-evrak-cantasi","status":"publish","type":"product","link":"https:\/\/www.gsaleather.com\/GSA\/product\/lazer-deri-buyuk-evrak-cantasi\/","title":{"rendered":"Lazer Deri B\u00fcy\u00fck Evrak \u00c7antas\u0131"},"content":{"rendered":"","protected":false},"excerpt":{"rendered":"","protected":false},"featured_media":12236,"comment_status":"open","ping_status":"closed","template":"","meta":{"_coblocks_attr":"","_coblocks_dimensions":"","_coblocks_responsive_height":"","_coblocks_accordion_ie_support":""},"product_cat":[57],"product_tag":[],"supplier_id":null,"supplier_sku":"","barcode":null,"atum_controlled":true,"out_stock_date":null,"out_stock_threshold":null,"inheritable":false,"inbound_stock":null,"stock_on_hold":0,"sold_today":0,"sales_last_days":0,"reserved_stock":null,"customer_returns":null,"warehouse_damage":null,"lost_in_post":null,"other_logs":null,"out_stock_days":0,"lost_sales":0,"has_location":null,"update_date":"2026-04-17T10:10:58","atum_locations":[],"atum_stock_status":"instock","restock_status":false,"low_stock_amount":"","sales_update_date":"2026-04-17T10:10:58","calc_backorders":null,"_links":{"self":[{"href":"https:\/\/www.gsaleather.com\/GSA\/wp-json\/wp\/v2\/product\/12235"}],"collection":[{"href":"https:\/\/www.gsaleather.com\/GSA\/wp-json\/wp\/v2\/product"}],"about":[{"href":"https:\/\/www.gsaleather.com\/GSA\/wp-json\/wp\/v2\/types\/product"}],"replies":[{"embeddable":true,"href":"https:\/\/www.gsaleather.com\/GSA\/wp-json\/wp\/v2\/comments?post=12235"}],"wp:featuredmedia":[{"embeddable":true,"href":"https:\/\/www.gsaleather.com\/GSA\/wp-json\/wp\/v2\/media\/12236"}],"wp:attachment":[{"href":"https:\/\/www.gsaleather.com\/GSA\/wp-json\/wp\/v2\/media?parent=12235"}],"wp:term":[{"taxonomy":"product_cat","embeddable":true,"href":"https:\/\/www.gsaleather.com\/GSA\/wp-json\/wp\/v2\/product_cat?post=12235"},{"taxonomy":"product_tag","embeddable":true,"href":"https:\/\/www.gsaleather.com\/GSA\/wp-json\/wp\/v2\/product_tag?post=12235"}],"curies":[{"name":"wp","href":"https:\/\/api.w.org\/{rel}","templated":true}]}}